it of (q + 0)/(5/(-45))?
9
Suppose f = -f + 20. Let b = f - -12. What is the units digit of b?
2
Let o(v) = 85*v + 4. Let r be o(-4). What is the units digit of r/(-70)*(-10)/(-2)?
4
Let w be (28/(-8))/((-3)/(-18)). What is the units digit of (24/10)/(w/(-280))?
2
Let f(n) = 7*n + 1. What is the units digit of f(6)?
3
Let b(n) = n**3 + n**2 - n + 3. Let l be b(0). Let p = l + -2. What is the units digit of p?
1
What is the units digit of (-3)/12 - (-1237)/4?
9
Suppose -4*z + 31 = 11. Let x = 2 - 2. Suppose x = z*k - 27 - 8. What is the units digit of k?
7
Suppose 5*q = -2*a, -5*a = -4*q - 21 - 12. What is the units digit of a?
5
Let b(g) = -g**3 + 6*g**2 - 8. What is the units digit of b(5)?
7
Let p(b) = -b**3 + b**2 - b + 4. Suppose 4*j - 12 = -0. Let q = j - 3. What is the units digit of p(q)?
4
Let p(f) = 58*f**2 - 4*f - 5. What is the units digit of p(-1)?
7
Let h(r) = r + 8. Let y be h(-5). Let j = y - 0. Suppose -j*n + 34 = -n + 4*k, 2*n - 25 = -k. What is the units digit of n?
1
What is the units digit of (-26)/(-30) - 14/(-105)?
1
Suppose -52 = -2*f + 30. What is the units digit of f?
1
Let j be (-90)/(-20) + 1/2. Suppose 0 = 2*t - j - 1. What is the units digit of t?
3
Let a = -63 - -44. Let b = 4 - a. What is the units digit of b?
3
Let s = 6 - 1. Suppose 32 = u - i + 2, -s*i - 46 = -u. Suppose -5*y = -2*d - 41, 2*d + u = 5*y + 5*d. What is the units digit of y?
7
Let m(u) = 2*u - 2. Let t be m(3). Suppose 12 = t*v + q - 52, 4*v - 2*q = 76. What is the tens digit of v?
1
Let p(j) = 2*j**2 + 4*j - 7. What is the units digit of p(-4)?
9
Let q = -25 + 56. What is the units digit of q?
1
Suppose -5*n + 74 - 4 = 0. What is the tens digit of n?
1
Let a = -51 - -105. What is the tens digit of a?
5
Let u(t) = t - 2. Let v be u(0). Let g(q) = -q + 7. Let x be g(5). Let i = x - v. What is the units digit of i?
4
Suppose 0 = 2*k - 4*k - 5*o + 61, 4*o = 4. What is the tens digit of k?
2
Suppose -4*v + 0*p = -2*p - 20, 3*v + 5*p = 15. Suppose -q + v = -2. Let f = q - 6. What is the units digit of f?
1
Let a(i) = -i**3 + 17*i**2 + 3*i + 17. What is the tens digit of a(17)?
6
Suppose -2*o - 2*k = -28, -2*o + 2*k + 5 + 23 = 0. Suppose 4*i = -3*p, 3*i + o = i - 5*p. What is the units digit of i?
3
Let a = -27 - -45. What is the tens digit of a?
1
Let k = 140 - 85. Suppose 4*s + k = 9*s + 5*b, -55 = -5*s - b. What is the units digit of s?
1
Let o = -3 - -127. What is the hundreds digit of o?
1
Let w = 13 - 9. Suppose 5*k - 68 = -13. Suppose 5*z = k + w. What is the units digit of z?
3
Let r(b) be the third derivative of b**5/60 - b**4/12 - 2*b**2. What is the units digit of r(4)?
8
Let o = 35 + -10. What is the units digit of o?
5
Let f(c) = c**3 + 6*c**2 - 2*c + 6. What is the units digit of f(-5)?
1
Let c(j) = -j**3 + 3*j**2 + 6*j - 5. Let p be c(4). Suppose -z + 12 = -3*r - 48, p*z - r = 140. What is the tens digit of z?
4
Suppose 0*j - 2*j + 10 = 0. Suppose 0 = -4*v - m - 5, -3*v + 2*m - 25 = 7*m. Suppose v = -j*p + 14 + 6. What is the units digit of p?
4
Suppose 2*t + 59 = -9. Let u = t + 52. What is the tens digit of u?
1
Let w(b) = 0 + 2 - 1 + 2 + b. What is the tens digit of w(8)?
1
Let s(c) = c**2 - 7*c + 19. What is the units digit of s(9)?
7
Suppose 3*k - 1 - 8 = 0. Suppose -2*n + 4 = k*h, -n - 5*h - 3 = 2. Suppose 38 = -n*f + 113. What is the units digit of f?
5
Let b = 5 + -2. Suppose -p - 39 = -x + 2*p, -3*p + 57 = b*x. What is the units digit of x?
4
Suppose 5*h + 2*h = 1589. What is the hundreds digit of h?
2
Let b(a) = a - 4. Let x be b(4). Suppose -4*l - 8 + x = 0. What is the units digit of l/((-1 + 0)*2)?
1
Let d(g) = g**2 - g. Let m be d(1). Let p = m + 2. What is the units digit of p?
2
Suppose 6*c - n - 220 = c, 176 = 4*c + n. What is the tens digit of c?
4
Let j(x) = 2*x**2 - 18*x - 14. Let t(q) = -q**2 + 9*q + 7. Let s be (-15)/(-3 + 0) + 0. Let r(p) = s*t(p) + 3*j(p). What is the units digit of r(10)?
3
Let s = 15 - 12. Suppose 2*c = -2*f + 28, -s*c = 4*f - 26 - 32. What is the tens digit of f?
1
Suppose -2*v = 3*v - 20. Suppose -d - v*n + 8 = -15, 47 = 5*d + 3*n. What is the units digit of d?
7
Suppose 5*y + 494 = 2*i + 138, i = -3*y - 218. Let x(m) = m - 6. Let p be x(4). What is the tens digit of y/3*p/4?
1
Suppose 0 = 3*o - 3*j + 12, -5*o - 2*j - 12 - 8 = 0. Let i = o - -6. Suppose -19 = -4*r + n, 2*r - 2*n = -i*r + 22. What is the units digit of r?
4
Suppose -4*i = 4*m - 704, 5*i = m + 16 - 180. What is the tens digit of m?
7
Suppose u = -5*s + 2*s + 5, -2*u = -s + 4. Suppose -j = s*j. Suppose -5*n - 3*b + 15 = j, -2*n - 5*b = 2*n - 12. What is the units digit of n?
3
Let q = 33 - 11. What is the units digit of q?
2
Let a be 1 + 2 + -3 + 3. Suppose 2*l - 2*m = l + 21, -33 = -a*l - 4*m. What is the units digit of l?
5
Let a(l) = 2*l + 5*l**2 + l**3 + 3*l + 5 - 1 + 2*l**2. What is the tens digit of a(-6)?
1
Let p(l) = l**2 - 5*l + 7. What is the units digit of p(5)?
7
Suppose 3*l = -2*k + 404, 534 = 4*l - 4*k + 2*k. What is the hundreds digit of l?
1
Suppose -5*c + 4*c = -51. What is the units digit of c?
1
Let c(j) = 4*j - 4. Let s(q) = -q - 1. Let p = -5 - 1. Let b be s(p). What is the units digit of c(b)?
6
Suppose 15 = 4*k - 5. Let c = k + 2. What is the units digit of c?
7
What is the units digit of -6*7/((-84)/8)?
4
Let v = -2 - -5. Suppose 0 = 2*z - c - 16 + v, 4*z = 4*c + 24. What is the units digit of z?
7
Let g be -2 - (-1 - (-2 + 0)). What is the units digit of 0 + g/(-1) + 9?
2
Let b(c) = -c**3 - 5*c**2 + 3*c + 7. Let n(q) = -q**2 + 4*q - 1. Let w be n(5). What is the tens digit of b(w)?
2
Let v be (-5 + 3)/(-1 - 0). What is the units digit of 0 - 14/(-4)*v?
7
Suppose -3*o = -274 - 725. What is the hundreds digit of o?
3
Suppose 0*a - 2*a + 4 = 0. Let b = -28 + 35. Suppose b = a*k - k. What is the units digit of k?
7
Let y be 20 + (3 - 6 - -3). Suppose 0 = 2*h + h - q - 66, 0 = h - q - y. What is the tens digit of h?
2
What is the tens digit of (-4)/6*2*243/(-6)?
5
Let d(i) = -i**3 + 4*i**2 + i - 2. Let k be d(4). Let y(o) = -k*o - 2 - 6 - 1. What is the units digit of y(-9)?
9
Let w = -142 + 90. Let b be (-4)/10 - w/(-20). What is the units digit of 12/18 - 22/b?
8
Let o = -6 - -2. Let r be (6/o)/((-4)/(-16)). What is the units digit of ((-8)/r)/((-1)/(-6))?
8
Let v = 51 - 23. What is the tens digit of v?
2
Let u(a) be the third derivative of -a**4/24 - a**3/3 + a**2. Let h be u(0). What is the units digit of -2 - (h - -1 - 5)?
4
Suppose -5*y - 3*o = 56 + 154, -4*y - 3*o - 165 = 0. What is the units digit of (y/10)/(3/(-4))?
6
Suppose 2*n - 4 = -4*r, -5*n = -4*r + 2*r + 26. Let c = 82 + -43. Suppose 0*k - c = -r*k. What is the tens digit of k?
1
Suppose -4*f + 42 = 3*a, f - 2*f - 3*a = -15. What is the units digit of f?
9
Let z(x) = -x**2 + 13*x + 16. What is the tens digit of z(13)?
1
Let o(l) = 8*l + 58. What is the units digit of o(25)?
8
Suppose 2*b = -5*y + 788, 2*y + 2*b = 4*y - 318. What is the units digit of (-2)/7 + y/14?
1
Let i = 47 + -20. What is the units digit of i?
7
Suppose 0*n = -5*n. Suppose -d + 10 = -n*d. What is the units digit of d?
0
What is the tens digit of 4/(-22) + (-2220)/(-110)?
2
Suppose 3*k - 49 = l, -2*l + 3*l + 1 = 0. What is the units digit of k?
6
Let t(j) = j**2 - 5*j. What is the units digit of t(-5)?
0
Suppose -7*d = -3*d. Suppose 0 = 2*o - 5*u - d*u - 36, 2*o = u + 20. What is the units digit of o?
8
Suppose 19*w + 534 = 21*w. What is the units digit of w?
7
Suppose 0 = b - 2*b + 34. Suppose -b = -2*h + 26. Suppose h = l + 5*i, 0*l - 40 = -3*l - 5*i. What is the units digit of l?
5
Suppose 4*d = 4*s + 92, 4*s = 3*s - 3*d - 27. What is the tens digit of 6/s - 82/(-8)?
1
Let n(h) = -h + 3. Let m be n(3). Suppose 0*p + 2*p = 3*v - 12, v = 2*p + 8. Suppose m = -s - v*s + 54. What is the units digit of s?
8
Suppose -15 = -6*f + f. Suppose -17 + 5 = -f*y. Suppose y*d = 5*r + 70, 0 = d - 4*r + r - 21. What is the tens digit of d?
1
Suppose -255 = -8*m + 233. What is the units digit of m?
1
Let k be (-1)/((-2 - -5)/(-21)). Suppose -k = y - 19. What is the tens digit of y?
1
Suppose -4*f - 4*g = 8, 2*f - 5*g + 1 = 25. Let s be 3 - ((-2)/f)/(-1). Let t(a) = a**3 + 2*a - 1. What is the units digit of t(s)?
1
Let o(s) = s**3 + 18*s**2 - 46*s + 13. What is the units digit of o(-2